{"id":513,"date":"2025-06-14T13:35:41","date_gmt":"2025-06-14T13:35:41","guid":{"rendered":"https:\/\/abenfisio.com.br\/forum\/?page_id=513"},"modified":"2025-06-14T13:55:43","modified_gmt":"2025-06-14T13:55:43","slug":"local-do-evento","status":"publish","type":"page","link":"https:\/\/abenfisio.com.br\/forum\/local-do-evento\/","title":{"rendered":"Local do Evento"},"content":{"rendered":"\n<p><\/p>\n\n\n\n<p><\/p>\n\n\n\n<p class=\"has-text-color\" style=\"color:#354579\"><strong>Neste ano o evento acontecer\u00e1 na <em>Escola Bahiana de Medicina e Sa\u00fade P\u00fablica<\/em><br>Rua Silveira Martins, n\u00ba 3386, Cabula. Salvador &#8211; Bahia. Brasil.<\/strong><\/p>\n\n\n\n<p><\/p>\n","protected":false},"excerpt":{"rendered":"<p>Neste ano o evento acontecer\u00e1 na Escola Bahiana de Medicina e Sa\u00fade P\u00fablicaRua Silveira Martins, n\u00ba 3386, Cabula. Salvador &#8211; Bahia. Brasil.<\/p>\n","protected":false},"author":2,"featured_media":0,"parent":0,"menu_order":0,"comment_status":"closed","ping_status":"closed","template":"","meta":[],"_links":{"self":[{"href":"https:\/\/abenfisio.com.br\/forum\/wp-json\/wp\/v2\/pages\/513"}],"collection":[{"href":"https:\/\/abenfisio.com.br\/forum\/wp-json\/wp\/v2\/pages"}],"about":[{"href":"https:\/\/abenfisio.com.br\/forum\/wp-json\/wp\/v2\/types\/page"}],"author":[{"embeddable":true,"href":"https:\/\/abenfisio.com.br\/forum\/wp-json\/wp\/v2\/users\/2"}],"replies":[{"embeddable":true,"href":"https:\/\/abenfisio.com.br\/forum\/wp-json\/wp\/v2\/comments?post=513"}],"version-history":[{"count":3,"href":"https:\/\/abenfisio.com.br\/forum\/wp-json\/wp\/v2\/pages\/513\/revisions"}],"predecessor-version":[{"id":519,"href":"https:\/\/abenfisio.com.br\/forum\/wp-json\/wp\/v2\/pages\/513\/revisions\/519"}],"wp:attachment":[{"href":"https:\/\/abenfisio.com.br\/forum\/wp-json\/wp\/v2\/media?parent=513"}],"curies":[{"name":"wp","href":"https:\/\/api.w.org\/{rel}","templated":true}]}}

<p></p>



<p></p>



<p class="has-text-color" style="color:#354579"><strong>Neste ano o evento acontecerá na <em>Escola Bahiana de Medicina e Saúde Pública</em><br>Rua Silveira Martins, nº 3386, Cabula. Salvador &#8211; Bahia. Brasil.</strong></p>



<p></p>

<p>Neste ano o evento acontecerá na Escola Bahiana de Medicina e Saúde PúblicaRua Silveira Martins, nº 3386, Cabula. Salvador &#8211; Bahia. Brasil.</p>
