{"id":56,"date":"2021-08-30T01:33:56","date_gmt":"2021-08-30T01:33:56","guid":{"rendered":"https:\/\/abenfisio.com.br\/forum\/?page_id=56"},"modified":"2025-05-29T01:33:20","modified_gmt":"2025-05-29T01:33:20","slug":"inscricoes","status":"publish","type":"page","link":"https:\/\/abenfisio.com.br\/forum\/inscricoes\/","title":{"rendered":"Inscri\u00e7\u00f5es"},"content":{"rendered":"\n<h2 class=\"has-text-align-center has-text-color\" style=\"color:#354579\">PARTICIPA\u00c7\u00c3O PRESENCIAL<\/h2>\n\n\n\n<figure class=\"wp-block-table\"><table><tbody><tr><td>&nbsp;<\/td><td>\n<p style=\"text-align: center;\"><span style=\"color: #354579;\"><strong>1\u00ba Lote<\/strong><\/span><\/p>\n<p style=\"text-align: center;\"><span style=\"color: #354579;\"><strong>At\u00e9 30\/06<\/strong><\/span><\/p>\n<\/td><td class=\"has-text-align-center\" data-align=\"center\">\n<p><span style=\"color: #354579;\"><strong>2\u00ba Lote<\/strong><\/span><\/p>\n<p><span style=\"color: #354579;\"><strong>At\u00e9 30\/08<\/strong><\/span><\/p>\n<\/td><td>\n<p style=\"text-align: center;\"><span style=\"color: #354579;\"><strong>3\u00ba Lote<\/strong><\/span><\/p>\n<p style=\"text-align: center;\"><span style=\"color: #354579;\"><strong>A partir 31\/08<\/strong><\/span><\/p>\n<\/td><\/tr><tr><td>\n<p><span style=\"color: #354579;\"><strong>Estudantes de Gradua\u00e7\u00e3o<\/strong><\/span><\/p>\n<\/td><td>\n<p style=\"text-align: center;\"><span style=\"color: #354579;\">R$ 110,00<\/span><\/p>\n<\/td><td class=\"has-text-align-center\" data-align=\"center\">\n<p><span style=\"color: #354579;\">R$ 140,00<\/span><\/p>\n<\/td><td>\n<p style=\"text-align: center;\"><span style=\"color: #354579;\">R$ 170,00<\/span><\/p>\n<\/td><\/tr><tr><td>\n<p><span style=\"color: #354579;\"><strong>Estudantes de P\u00f3s-Gradua\u00e7\u00e3o<\/strong><\/span><\/p>\n<\/td><td>\n<p style=\"text-align: center;\"><span style=\"color: #354579;\">R$ 200,00<\/span><\/p>\n<\/td><td class=\"has-text-align-center\" data-align=\"center\">\n<p><span style=\"color: #354579;\">R$ 230,00<\/span><\/p>\n<\/td><td>\n<p style=\"text-align: center;\"><span style=\"color: #354579;\">R$ 260,00<\/span><\/p>\n<\/td><\/tr><tr><td>\n<p><span style=\"color: #354579;\"><strong>Associados<\/strong><\/span><\/p>\n<\/td><td>\n<p style=\"text-align: center;\"><span style=\"color: #354579;\">R$ 280,00<\/span><\/p>\n<\/td><td class=\"has-text-align-center\" data-align=\"center\">\n<p><span style=\"color: #354579;\">R$ 310,00<\/span><\/p>\n<\/td><td>\n<p style=\"text-align: center;\"><span style=\"color: #354579;\">R$ 340,00<\/span><\/p>\n<\/td><\/tr><tr><td>\n<p><span style=\"color: #354579;\"><strong>N\u00e3o Associados<\/strong><\/span><\/p>\n<\/td><td>\n<p style=\"text-align: center;\"><span style=\"color: #354579;\">R$ 480,00<\/span><\/p>\n<\/td><td class=\"has-text-align-center\" data-align=\"center\">\n<p><span style=\"color: #354579;\">R$ 510,00<\/span><\/p>\n<\/td><td>\n<p style=\"text-align: center;\"><span style=\"color: #354579;\">R$ 540,00<\/span><\/p>\n<\/td><\/tr><\/tbody><\/table><\/figure>\n\n\n\n<h2 class=\"has-text-align-center has-text-color\" style=\"color:#354579\">PARTICIPA\u00c7\u00c3O ON LINE<\/h2>\n\n\n\n<figure class=\"wp-block-table\"><table><tbody><tr><td>&nbsp;<\/td><td><p style=\"text-align: center;\"><p style=\"text-align: center;\"><span style=\"color: #354579;\"><strong>At\u00e9 30\/06<\/strong><\/span><\/p> <\/td><\/tr><tr><td>\n<p><span style=\"color: #354579;\"><strong>Estudantes de Gradua\u00e7\u00e3o<\/strong><\/span><\/p>\n<\/td><td> <p style=\"text-align: center;\"><span style=\"color: #354579;\">R$ 60,00<\/span><\/p> <\/td><\/tr><tr><td>\n<p><span style=\"color: #354579;\"><strong>Estudantes de P\u00f3s-Gradua\u00e7\u00e3o<\/strong><\/span><\/p>\n<\/td><td> <p style=\"text-align: center;\"><span style=\"color: #354579;\">R$ 80,00<\/span><\/p> <\/td><\/tr><tr><td>\n<p><span style=\"color: #354579;\"><strong>Associados<\/strong><\/span><\/p>\n<\/td><td> <p style=\"text-align: center;\"><span style=\"color: #354579;\">R$ 100,00<\/span><\/p> <\/td><\/tr><tr><td>\n<p><span style=\"color: #354579;\"><strong>N\u00e3o Associados<\/strong><\/span><\/p>\n<\/td><td> <p style=\"text-align: center;\"><span style=\"color: #354579;\">R$ 120,00<\/span><\/p> <\/td><\/tr><\/tbody><\/table><\/figure>\n\n\n\n<p><span style=\"color: #354579;\"><strong>* As inscri\u00e7\u00f5es na categoria de Associado ser\u00e3o aceitas, exclusivamente, para os associados adimplentes. Para conferir a situa\u00e7\u00e3o da sua anuidade, <em><a style=\"color: #354579;\" href=\"https:\/\/www.abenfisio.com.br\/sistema\/\" target=\"_blank\" rel=\"noopener\">clique aqui<\/a>.<\/em><\/strong><\/span><\/p>\n\n\n\n<p><span style=\"color: #354579;\"><strong>** As inscri\u00e7\u00f5es nas categorias Estudante de gradua\u00e7\u00e3o e estudante de p\u00f3s-gradua\u00e7\u00e3o\/residente est\u00e1 condicionada ao envio do comprovante de matr\u00edcula em formato digital.&nbsp;O envio do comprovante dever\u00e1 ser feito atrav\u00e9s do site, e ser\u00e3o considerados como comprovantes os seguintes documentos:<\/strong><\/span><\/p>\n\n\n\n<p><span style=\"color: #354579;\"><strong>&#8211; Boleto Banc\u00e1rio referente \u00e0 mensalidade do semestre <span style=\"color: #354579;\">vigente;<\/span><\/strong><\/span><\/p>\n\n\n\n<p><span style=\"color: #354579;\"><strong>&#8211; Carteirinha da Biblioteca;<\/strong><\/span><\/p>\n\n\n\n<p><span style=\"color: #354579;\"><strong>&#8211; Carteirinha de Estudante emitida pelas entidades estudantis (UNE, UEE, DCE);<\/strong><\/span><\/p>\n\n\n\n<p><span style=\"color: #354579;\"><strong>&#8211; Atestado de matr\u00edcula emitido pela Institui\u00e7\u00e3o de Ensino.<\/strong><\/span><\/p>\n\n\n\n<p><span style=\"color: #354579;\"><strong>***<strong>A participa\u00e7\u00e3o online ter\u00e1 atividades selecionadas. Os participantes poder\u00e3o assistir a transmiss\u00e3o online dos pain\u00e9is, apresentar e participar das sess\u00f5es de apresenta\u00e7\u00e3o de trabalhos online.<\/strong><\/strong><\/span><\/p>\n\n\n\n<p><span style=\"color: #354579;\"><strong>****<\/strong><\/span><span style=\"\"><strong style=\"color: rgb(53, 69, 121);\">As inscri\u00e7\u00f5es n\u00e3o ser\u00e3o reembolsadas.<\/strong><\/span><\/p>\n\n\n\n<div class=\"wp-block-buttons is-content-justification-center\">\n<div class=\"wp-block-button\"><a class=\"wp-block-button__link has-white-color has-text-color has-background\" href=\"https:\/\/abenfisio.com.br\/sistema\/app\/cadastro\/usuarios\/login\" style=\"background-color:#354579\" target=\"_blank\" rel=\"noreferrer noopener\">INSCREVA-SE<\/a><\/div>\n<\/div>\n\n\n\n<div class=\"wp-block-buttons is-content-justification-center\"><\/div>\n","protected":false},"excerpt":{"rendered":"<p>PARTICIPA\u00c7\u00c3O PRESENCIAL &nbsp; 1\u00ba Lote At\u00e9 30\/06 2\u00ba Lote At\u00e9 30\/08 3\u00ba Lote A partir 31\/08 Estudantes de Gradua\u00e7\u00e3o R$ 110,00 R$ 140,00 R$ 170,00 Estudantes de P\u00f3s-Gradua\u00e7\u00e3o R$ 200,00 R$ 230,00 R$ 260,00 Associados R$ 280,00 R$ 310,00 R$ 340,00 N\u00e3o Associados R$ 480,00 R$ 510,00 R$ 540,00 PARTICIPA\u00c7\u00c3O ON LINE &nbsp; At\u00e9 30\/06 <a class=\"more-link\" href=\"https:\/\/abenfisio.com.br\/forum\/inscricoes\/\">Read More &#8230;<\/a><\/p>\n","protected":false},"author":2,"featured_media":0,"parent":0,"menu_order":0,"comment_status":"closed","ping_status":"closed","template":"","meta":[],"_links":{"self":[{"href":"https:\/\/abenfisio.com.br\/forum\/wp-json\/wp\/v2\/pages\/56"}],"collection":[{"href":"https:\/\/abenfisio.com.br\/forum\/wp-json\/wp\/v2\/pages"}],"about":[{"href":"https:\/\/abenfisio.com.br\/forum\/wp-json\/wp\/v2\/types\/page"}],"author":[{"embeddable":true,"href":"https:\/\/abenfisio.com.br\/forum\/wp-json\/wp\/v2\/users\/2"}],"replies":[{"embeddable":true,"href":"https:\/\/abenfisio.com.br\/forum\/wp-json\/wp\/v2\/comments?post=56"}],"version-history":[{"count":40,"href":"https:\/\/abenfisio.com.br\/forum\/wp-json\/wp\/v2\/pages\/56\/revisions"}],"predecessor-version":[{"id":507,"href":"https:\/\/abenfisio.com.br\/forum\/wp-json\/wp\/v2\/pages\/56\/revisions\/507"}],"wp:attachment":[{"href":"https:\/\/abenfisio.com.br\/forum\/wp-json\/wp\/v2\/media?parent=56"}],"curies":[{"name":"wp","href":"https:\/\/api.w.org\/{rel}","templated":true}]}}